{"id":122,"date":"2020-06-17T11:40:02","date_gmt":"2020-06-17T11:40:02","guid":{"rendered":"https:\/\/demo.themedraft.net\/wp\/induxter\/?page_id=122"},"modified":"2021-02-11T10:16:09","modified_gmt":"2021-02-11T09:16:09","slug":"presentation","status":"publish","type":"page","link":"https:\/\/gid-mali.com\/index.php\/presentation\/","title":{"rendered":"GID"},"content":{"rendered":"\t\t<div data-elementor-type=\"wp-page\" data-elementor-id=\"122\" class=\"elementor elementor-122\" data-elementor-settings=\"[]\">\n\t\t\t\t\t\t<div class=\"elementor-inner\">\n\t\t\t\t\t\t\t<div class=\"elementor-section-wrap\">\n\t\t\t\t\t\t\t<section class=\"elementor-section elementor-top-section elementor-element elementor-element-e71eabf elementor-section-boxed elementor-section-height-default elementor-section-height-default\" data-id=\"e71eabf\" data-element_type=\"section\">\n\t\t\t\t\t\t<div class=\"elementor-container elementor-column-gap-default\">\n\t\t\t\t\t\t\t<div class=\"elementor-row\">\n\t\t\t\t\t<div class=\"elementor-column elementor-col-100 elementor-top-column elementor-element elementor-element-bb0287f\" data-id=\"bb0287f\" data-element_type=\"column\">\n\t\t\t<div class=\"elementor-column-wrap elementor-element-populated\">\n\t\t\t\t\t\t\t<div class=\"elementor-widget-wrap\">\n\t\t\t\t\t\t<div class=\"elementor-element elementor-element-8728d30 elementor-widget elementor-widget-spacer\" data-id=\"8728d30\" data-element_type=\"widget\" data-widget_type=\"spacer.default\">\n\t\t\t\t<div class=\"elementor-widget-container\">\n\t\t\t\t\t<div class=\"elementor-spacer\">\n\t\t\t<div class=\"elementor-spacer-inner\"><\/div>\n\t\t<\/div>\n\t\t\t\t<\/div>\n\t\t\t\t<\/div>\n\t\t\t\t\t\t<\/div>\n\t\t\t\t\t<\/div>\n\t\t<\/div>\n\t\t\t\t\t\t\t\t<\/div>\n\t\t\t\t\t<\/div>\n\t\t<\/section>\n\t\t\t\t<section class=\"elementor-section elementor-top-section elementor-element elementor-element-490967d elementor-section-boxed elementor-section-height-default elementor-section-height-default\" data-id=\"490967d\" data-element_type=\"section\">\n\t\t\t\t\t\t\t<div class=\"elementor-background-overlay\"><\/div>\n\t\t\t\t\t\t\t<div class=\"elementor-container elementor-column-gap-default\">\n\t\t\t\t\t\t\t<div class=\"elementor-row\">\n\t\t\t\t\t<div class=\"elementor-column elementor-col-33 elementor-top-column elementor-element elementor-element-694d40e\" data-id=\"694d40e\" data-element_type=\"column\">\n\t\t\t<div class=\"elementor-column-wrap elementor-element-populated\">\n\t\t\t\t\t\t\t<div class=\"elementor-widget-wrap\">\n\t\t\t\t\t\t<div class=\"elementor-element elementor-element-499b187 elementor-widget elementor-widget-image\" data-id=\"499b187\" data-element_type=\"widget\" data-widget_type=\"image.default\">\n\t\t\t\t<div class=\"elementor-widget-container\">\n\t\t\t\t\t<div class=\"elementor-image\">\n\t\t\t\t\t\t\t\t\t\t<img width=\"1024\" height=\"1024\" src=\"https:\/\/gid-mali.com\/wp-content\/uploads\/2020\/10\/base-d-images-gratuites-60-1560x1560-1-1024x1024.jpg\" class=\"attachment-large size-large\" alt=\"\" loading=\"lazy\" srcset=\"https:\/\/gid-mali.com\/wp-content\/uploads\/2020\/10\/base-d-images-gratuites-60-1560x1560-1-1024x1024.jpg 1024w, https:\/\/gid-mali.com\/wp-content\/uploads\/2020\/10\/base-d-images-gratuites-60-1560x1560-1-300x300.jpg 300w, https:\/\/gid-mali.com\/wp-content\/uploads\/2020\/10\/base-d-images-gratuites-60-1560x1560-1-150x150.jpg 150w, https:\/\/gid-mali.com\/wp-content\/uploads\/2020\/10\/base-d-images-gratuites-60-1560x1560-1-768x768.jpg 768w, https:\/\/gid-mali.com\/wp-content\/uploads\/2020\/10\/base-d-images-gratuites-60-1560x1560-1-1536x1536.jpg 1536w, https:\/\/gid-mali.com\/wp-content\/uploads\/2020\/10\/base-d-images-gratuites-60-1560x1560-1-600x600.jpg 600w, https:\/\/gid-mali.com\/wp-content\/uploads\/2020\/10\/base-d-images-gratuites-60-1560x1560-1-100x100.jpg 100w, https:\/\/gid-mali.com\/wp-content\/uploads\/2020\/10\/base-d-images-gratuites-60-1560x1560-1.jpg 1560w\" sizes=\"(max-width: 1024px) 100vw, 1024px\" \/>\t\t\t\t\t\t\t\t\t\t\t<\/div>\n\t\t\t\t<\/div>\n\t\t\t\t<\/div>\n\t\t\t\t\t\t<\/div>\n\t\t\t\t\t<\/div>\n\t\t<\/div>\n\t\t\t\t<div class=\"elementor-column elementor-col-66 elementor-top-column elementor-element elementor-element-0263f84\" data-id=\"0263f84\" data-element_type=\"column\">\n\t\t\t<div class=\"elementor-column-wrap elementor-element-populated\">\n\t\t\t\t\t\t\t<div class=\"elementor-widget-wrap\">\n\t\t\t\t\t\t<div class=\"elementor-element elementor-element-414f01a elementor-widget elementor-widget-text-editor\" data-id=\"414f01a\" data-element_type=\"widget\" data-widget_type=\"text-editor.default\">\n\t\t\t\t<div class=\"elementor-widget-container\">\n\t\t\t\t\t<div class=\"elementor-text-editor elementor-clearfix\"><h6><a style=\"text-calor: #000;text-align:justify;\">Le Groupement d\u2019Ing\u00e9nieurs conseils pour le D\u00e9veloppement (GID-SA), Bureau d\u2019ing\u00e9nieurs conseils de droit malien est cr\u00e9\u00e9 en Avril 1984 par trois cadres ayant tous plusieurs ann\u00e9es d\u2019exp\u00e9riences dans la fonction publique du Mali.\nD\u00e8s sa cr\u00e9ation, le GID a fait appel \u00e0 une \u00e9quipe de cadres africains qui oeuvrent pour le d\u00e9veloppement \u00e9conomique et social en Afrique et plus sp\u00e9cifiquement dans la sous-r\u00e9gion Ouest africaine.\nLe GID est une soci\u00e9t\u00e9 reconnue au niveau sous-r\u00e9gional et est sp\u00e9cialis\u00e9e dans les domaines du D\u00e9veloppement Rural, de l\u2019infrastructure hydraulique et routi\u00e8re, des b\u00e2timents, de la gestion de l\u2019eau, du d\u00e9veloppement urbain, des \u00e9nergies renouvelables et de l\u2019environnement.\nBureau de conception, de coordination et de r\u00e9alisation de projets de d\u00e9veloppement, le GID a constitu\u00e9 un r\u00e9seau de consultants exp\u00e9riment\u00e9s dans divers domaines et \u00e0 d\u00e9velopper de nombreux et fructueux rapports avec des bureaux d\u2019\u00e9tudes nationaux et internationaux, des organisations internationales et avec des organismes financiers. Ce qui constitue des facteurs cl\u00e9s dans l\u2019atteinte de ses objectifs.\nLe GID m\u00e8ne des activit\u00e9s multiformes (\u00e9tudes, conseils, r\u00e9alisation de projets, formation) pour le d\u00e9veloppement \u00e9conomique et social au Mali et en Afrique.<\/a><\/h6><\/div>\n\t\t\t\t<\/div>\n\t\t\t\t<\/div>\n\t\t\t\t\t\t<\/div>\n\t\t\t\t\t<\/div>\n\t\t<\/div>\n\t\t\t\t\t\t\t\t<\/div>\n\t\t\t\t\t<\/div>\n\t\t<\/section>\n\t\t\t\t\t\t<\/div>\n\t\t\t\t\t\t<\/div>\n\t\t\t\t\t<\/div>\n\t\t","protected":false},"excerpt":{"rendered":"<p>Le Groupement d\u2019Ing\u00e9nieurs conseils pour le D\u00e9veloppement (GID-SA), Bureau d\u2019ing\u00e9nieurs conseils de droit malien est cr\u00e9\u00e9 en Avril 1984 par trois cadres ayant tous plusieurs ann\u00e9es d\u2019exp\u00e9riences dans la fonction publique du Mali. D\u00e8s sa cr\u00e9ation, le GID a fait appel \u00e0 une \u00e9quipe de cadres africains qui oeuvrent pour le d\u00e9veloppement \u00e9conomique et social [&hellip;]<\/p>\n","protected":false},"author":1,"featured_media":0,"parent":0,"menu_order":0,"comment_status":"closed","ping_status":"closed","template":"","meta":[],"_links":{"self":[{"href":"https:\/\/gid-mali.com\/index.php\/wp-json\/wp\/v2\/pages\/122"}],"collection":[{"href":"https:\/\/gid-mali.com\/index.php\/wp-json\/wp\/v2\/pages"}],"about":[{"href":"https:\/\/gid-mali.com\/index.php\/wp-json\/wp\/v2\/types\/page"}],"author":[{"embeddable":true,"href":"https:\/\/gid-mali.com\/index.php\/wp-json\/wp\/v2\/users\/1"}],"replies":[{"embeddable":true,"href":"https:\/\/gid-mali.com\/index.php\/wp-json\/wp\/v2\/comments?post=122"}],"version-history":[{"count":24,"href":"https:\/\/gid-mali.com\/index.php\/wp-json\/wp\/v2\/pages\/122\/revisions"}],"predecessor-version":[{"id":920,"href":"https:\/\/gid-mali.com\/index.php\/wp-json\/wp\/v2\/pages\/122\/revisions\/920"}],"wp:attachment":[{"href":"https:\/\/gid-mali.com\/index.php\/wp-json\/wp\/v2\/media?parent=122"}],"curies":[{"name":"wp","href":"https:\/\/api.w.org\/{rel}","templated":true}]}}